late the highest common divisor of 16 and s.
16
Let i(o) = 40*o**2 - 13*o - 30. Let m be i(-2). What is the greatest common factor of m and 234?
78
Let b be 6/21 + 1632/21. Let c(d) = d**3 - 6*d**2 + 1. Let s be c(6). Let p be -4 + 53 - (s + -4). Calculate the highest common divisor of p and b.
26
Let r = 320 + -170. Calculate the greatest common factor of r and 330.
30
Suppose 4*f + 75 = -137. Let t = -48 - f. What is the highest common divisor of t and 20?
5
Suppose 0*j + 360 = 4*j. Suppose 2*n = 8*n - j. Let c = n + -10. What is the greatest common divisor of 5 and c?
5
Let m be (16 + 2)*(-20)/(-12). Suppose 0 = b - 5*o + 6*o - 14, 79 = 5*b - 4*o. Calculate the highest common divisor of b and m.
15
Suppose 0 = 2*k - 5*k + 18. Suppose -k = 5*g - 41. Suppose -p + 22 + g = 0. What is the greatest common factor of 116 and p?
29
Suppose 5*v + 181 + 64 = 3*k, 0 = k + 4*v - 93. What is the highest common factor of 17 and k?
17
Let l be (-1252)/36 + (-2)/9. Let v = -13 - l. What is the highest common factor of v and 66?
22
Suppose -5*k - 4 - 21 = 0. Let j be ((-3)/k)/(-1*(-6)/90). Suppose -3*g + 2 = -g. Calculate the highest common factor of j and g.
1
Suppose -1 = -4*h - 21, -5*z + 5 = -3*h. Let g(m) = -m**2 + m + 3. Let o be g(0). Let c be z - o/6*-14. What is the greatest common factor of c and 50?
5
Let s be (-106)/10 - 60/(-100). Let x = 11 - s. Let p be (-334)/(-8) - (-1)/4. What is the highest common divisor of x and p?
21
Suppose 0 = -11*d + 19*d - 1320. Calculate the highest common divisor of d and 45.
15
Suppose 2*z = 5*z, 0 = -2*u + z + 8. Suppose 8 = -2*s + 3*d, 5*d - 17 + 5 = 4*s. Suppose -s = -7*v + 6*v. Calculate the greatest common divisor of u and v.
2
Suppose 22*y - 9867 = -y. Calculate the highest common factor of y and 66.
33
Let f = -1292 + 3036. Calculate the highest common factor of f and 16.
16
Suppose 2*n - 6 = 4*n. Let l be (633/9 + 3)*n/(-2). Calculate the greatest common factor of l and 10.
10
Let j(n) = n**3 - n**2 - n - 1. Let h(f) = -5*f**3 + 8*f**2 + 7*f - 7. Let r(m) = -h(m) - 3*j(m). Let i be r(4). What is the highest common factor of i and 28?
14
Let s be 1037/6 + (-120)/144. Let y = -39 - -82. What is the highest common divisor of y and s?
43
Suppose 0 = -t + 15*t - 42. What is the highest common factor of 24 and t?
3
Let c = -269 - -359. Calculate the highest common divisor of 120 and c.
30
Suppose 3*n + 2*n = 160. Suppose -3*v + 3*b + 551 = -2*b, -4*v - b + 727 = 0. Let d = -102 + v. Calculate the greatest common factor of d and n.
16
Let v be (-27)/(-2) + 3/6. Let o = 26 + -26. Suppose 2*z - 10 + 0 = -5*j, 5*j + 3*z - 10 = o. Calculate the highest common divisor of j and v.
2
Let b = 116 + -336. Let x be (-24)/10*b/6. Let h be 11/(-198) - 398/(-36). Calculate the greatest common factor of h and x.
11
Suppose -5*o - 2*l = l - 21, 0 = 2*o - 4*l - 24. Suppose -o*t + 72 = -4*t. What is the greatest common factor of 12 and t?
12
Let p(u) = u**2 - u + 1. Let x be (4/(-5))/(6/(-15)). Let d be p(x). Suppose r = d + 15. Calculate the greatest common factor of 18 and r.
18
Let i be 36/19 + 36/342. What is the greatest common factor of i and 122?
2
Suppose 0 = -4*d - 38 + 14. Let h(k) = 13 - 3 - 5 - k. Let g be h(d). Calculate the greatest common divisor of 44 and g.
11
Let r be (-3 + 7)/(6 + -4). Suppose 7 = -5*l + 2*v + 36, 0 = -3*l + r*v + 19. Calculate the greatest common divisor of 35 and l.
5
Let n be 54/10 - (-168)/(-420). Let v(g) = g + 0*g + 1 + 4. Let k be v(-4). Calculate the greatest common factor of n and k.
1
Let k(g) = g**3 - 4*g**2 - 6*g - 6. Suppose 15 = o + 2*o. Let w be k(o). Let p = 35 + w. What is the greatest common divisor of p and 48?
24
Let p(q) = 13*q + 39. Let r be p(-1). What is the highest common factor of r and 1118?
26
Let p(r) = r**2 + 20*r + 154. Let a be p(-10). Calculate the greatest common factor of a and 1053.
27
Suppose 468*z - 480*z = -1392. Calculate the greatest common divisor of z and 36.
4
Suppose -579*n + 568*n = -88. Let o = 2 + 4. What is the highest common divisor of o and n?
2
Let t = -80 + 92. Let j(b) = 3*b - 29. Let r be j(t). Calculate the highest common divisor of r and 7.
7
Let k(m) = -m + 1. Let v(t) = -18*t + 4. Let b(y) = 2*k(y) + 2*v(y). Let r be b(-5). What is the greatest common divisor of r and 25?
25
Let t(m) = m**3 - m**2 - 9*m + 4. Let n be (-30)/(-4)*4/6 + 1. Let y be t(n). Calculate the greatest common divisor of y and 10.
10
Let b = 67 + -40. Let q(h) = h**3 + 9*h**2 + 13*h + 128. Let p be q(-7). What is the greatest common factor of b and p?
27
Let y(p) = p**2 + 4*p + 5. Let m be y(-2). Suppose -x + m + 15 = r, 5*x + 4*r = 75. Let z = -50 + 83. Calculate the highest common divisor of x and z.
11
Suppose -785 = 3*r - 3026. Calculate the greatest common divisor of r and 166.
83
Suppose -4 - 14 = -3*a. Suppose -a*b + 5 = -b. Suppose -4*y + 5*o - 5 = 0, 7 = y + o - 3. Calculate the highest common factor of y and b.
1
Let y be (9/2)/((-59)/(-708)). Calculate the greatest common factor of 144 and y.
18
Suppose -8*z = -6*z - 2. Let w be -10*z/(2 + -3). Let g be 22 - (-5)/(w/4). What is the highest common divisor of 3 and g?
3
Let x(h) = 11*h + 154. Let i be x(-11). What is the greatest common divisor of i and 15?
3
Let p(x) = x**3 - 4*x**2 - 8*x + 7. Let m be p(5). Let f(y) = -7*y - 51. Let r be f(m). Calculate the greatest common factor of 40 and r.
5
Let n be (-4)/(-18) - 313/(-9). Let j = 2436 + -2401. What is the greatest common divisor of j and n?
35
Let x be (-73)/(-4) - 2/8. Let d(r) = 5*r**2 + 4*r - 3. Let q(y) = -y**2 + 2*y + 4. Let c be q(3). Let v be d(c). What is the highest common factor of v and x?
6
Let r(k) = 4*k**3 - 7*k**2 + 13*k - 2. Let y be r(2). Calculate the highest common divisor of 32 and y.
4
Suppose y - 16 = -4*x, 5*x = -0*y + 2*y + 20. Suppose -x*n + 97 = -i, 18 = 2*n - i - 31. Calculate the greatest common factor of n and 3.
3
Suppose 0 = -16*m - 143 + 559. What is the greatest common divisor of 377 and m?
13
Suppose 3*b - 120 = -2*b. Let o = 31 - b. What is the highest common factor of 77 and o?
7
Let i = -22 - -48. Suppose -2*t + g + 3*g = -i, 3*t - 4*g = 29. Suppose t*c - 9 = 9. What is the highest common divisor of c and 30?
6
Let f = -44 + 47. Let s be f - (152/(-14) + 1/(-7)). What is the greatest common factor of 42 and s?
14
Suppose 0 = -3*g - 2*t + 4*t - 18, 3*t - 9 = 0. Let u be ((-378)/6)/(6/g). What is the highest common factor of u and 14?
14
Let g be (-93)/(-9)*12/(-8)*-2. Let z(q) = -q**2 + 31*q + 4. Let x be z(g). What is the highest common factor of x and 32?
4
Let v = -543 + 560. Calculate the highest common divisor of v and 1513.
17
Let y be (-596)/(-10) + (-4)/(-10). Let s = -13 + 9. Let z be s/(-34) - 1524/(-51). What is the greatest common divisor of z and y?
30
Let q be 21/14 - 91/(-2). What is the greatest common factor of 1363 and q?
47
Let m(f) = 24*f + 593. Let b be m(-22). Calculate the greatest common factor of b and 845.
65
Let m be ((-60)/40)/(3/(-146)). Suppose -2*l + 22 = j - 0*l, 4*j + 5*l - m = 0. Calculate the highest common divisor of j and 8.
4
Suppose 8*i - 3117 = 987. What is the highest common divisor of 243 and i?
27
Suppose 4*b - 8 = -0*b. Suppose b*z + 2*z - 60 = 0. Suppose 0 = 3*t + p - 400, -34 - 481 = -4*t - 5*p. Calculate the highest common divisor of t and z.
15
Let q be (6/9)/((-4)/(-48)). Calculate the highest common divisor of q and 112.
8
Suppose -5*w + 1289 = 3*c, 4*w + 2*c - 1032 = -0*w. What is the highest common divisor of 37 and w?
37
Let w = 260 - 224. What is the greatest common factor of w and 27?
9
Suppose -k = -s + 1 - 0, 4*s - 3*k - 9 = 0. What is the greatest common factor of s and 336?
6
Let a = -164 + 367. What is the greatest common factor of a and 29?
29
Let f = 23 - 35. Let j be (18/f)/((-6)/(-208)). Let a be j/(-2)*21/6. What is the highest common divisor of a and 13?
13
Let l(q) = -q**3 + 10*q**2 - 9*q + 6. Let t be l(9). What is the greatest common factor of 6 and t?
6
Let y = 29 - 24. Suppose -5*z = -15, -5*f + 706 = -f + 2*z. Suppose 0 = -y*j - b + 251, 4*j - f = -4*b + 29. What is the highest common divisor of 10 and j?
10
Let o = 376 + -96. Calculate the highest common divisor of 56 and o.
56
Suppose -3*a + 480 = 2*a. Suppose 0 = 12*x - 20*x + 96. Calc